isor of 7923324 and 36?
12
What is the highest common factor of 11 and 42717?
1
Calculate the greatest common divisor of 67655 and 187375355.
9665
Calculate the greatest common factor of 29899527 and 1103809.
8057
Calculate the greatest common factor of 43442 and 4185412.
1498
Calculate the greatest common factor of 43572 and 4008.
12
Calculate the highest common factor of 413210 and 245.
35
Calculate the highest common divisor of 2140 and 2316140.
20
What is the greatest common divisor of 8887543 and 21518?
203
Calculate the greatest common divisor of 2271 and 223811592.
2271
What is the highest common divisor of 200 and 9181300?
100
Calculate the highest common divisor of 240 and 327626400.
240
Calculate the greatest common factor of 73 and 1264944.
73
What is the highest common factor of 642 and 268356321?
321
What is the highest common divisor of 97 and 299805563?
97
What is the highest common divisor of 20 and 1339395?
5
What is the highest common factor of 20446737 and 321?
321
What is the greatest common divisor of 4103 and 1009492?
11
Calculate the highest common factor of 3 and 57.
3
What is the greatest common factor of 77407 and 9889?
341
Calculate the greatest common divisor of 2124 and 402372.
36
What is the greatest common factor of 1183480 and 9720?
40
Calculate the greatest common divisor of 300458410 and 10.
10
Calculate the highest common divisor of 2727 and 5870019.
303
Calculate the highest common factor of 72 and 23027976.
72
What is the highest common factor of 105432 and 4990830?
1146
What is the highest common factor of 95380 and 27284?
76
What is the highest common factor of 66261 and 10569?
39
What is the highest common factor of 1486 and 62039014?
1486
Calculate the greatest common divisor of 4200 and 16256450.
350
Calculate the highest common divisor of 100 and 73236350.
50
What is the highest common divisor of 165989 and 61595?
127
What is the greatest common factor of 40 and 1461080?
40
What is the greatest common factor of 27728954 and 374?
22
What is the greatest common factor of 6676468 and 4360?
436
What is the highest common factor of 204 and 8244372?
12
What is the highest common factor of 195083 and 2987?
29
What is the highest common factor of 4284999 and 225?
9
Calculate the greatest common factor of 501770278 and 38.
38
Calculate the greatest common factor of 9401912 and 4394.
26
What is the greatest common divisor of 111948 and 3981564?
228
Calculate the highest common factor of 226 and 21919740.
226
What is the greatest common divisor of 2787584 and 896?
128
What is the greatest common divisor of 10804 and 324485?
73
Calculate the highest common factor of 24411 and 682323.
237
What is the highest common divisor of 393009 and 26298?
1461
Calculate the greatest common divisor of 595 and 8357489.
119
What is the greatest common factor of 158 and 84624879?
79
What is the greatest common divisor of 4045652 and 1404?
52
Calculate the greatest common factor of 49903 and 3157.
7
Calculate the highest common divisor of 14706 and 170658.
342
Calculate the highest common divisor of 63750 and 925650.
2550
Calculate the greatest common factor of 12500444 and 25542.
946
What is the greatest common divisor of 2850696 and 296468?
548
Calculate the greatest common divisor of 12792 and 16401886.
82
What is the highest common factor of 1311 and 1616438091?
1311
Calculate the highest common divisor of 147 and 11565183.
21
Calculate the greatest common divisor of 6409 and 1292153.
493
Calculate the highest common divisor of 22899700 and 222500.
8900
What is the highest common factor of 535984 and 62?
2
What is the highest common divisor of 565 and 7255?
5
What is the greatest common divisor of 89484921 and 3930?
393
Calculate the greatest common factor of 24619572 and 32896.
1028
Calculate the greatest common factor of 2144 and 1338263360.
2144
What is the greatest common divisor of 48073653 and 1116?
279
Calculate the highest common divisor of 12560 and 804400.
80
Calculate the greatest common divisor of 7397580 and 139.
139
Calculate the highest common divisor of 5624532 and 49248.
2052
Calculate the highest common factor of 22987329 and 7492.
1873
Calculate the greatest common divisor of 9964 and 276172.
188
Calculate the highest common factor of 6476075 and 3569.
83
What is the highest common divisor of 412858 and 32209?
31
What is the greatest common divisor of 799561 and 1088?
17
Calculate the greatest common factor of 190282248 and 28080.
936
Calculate the greatest common divisor of 294 and 84610932.
42
Calculate the highest common factor of 29715 and 125622.
21
Calculate the greatest common factor of 5848 and 650794.
34
What is the greatest common factor of 2158704 and 8322?
114
What is the highest common factor of 1625245091 and 31?
31
What is the greatest common divisor of 2205986 and 10896?
454
Calculate the highest common divisor of 1442172 and 372.
12
Calculate the greatest common divisor of 834015 and 113505.
4935
What is the highest common factor of 637405739 and 23?
23
Calculate the greatest common factor of 19029160 and 640.
40
What is the greatest common divisor of 16352 and 32052256?
2336
Calculate the greatest common factor of 496221 and 2783.
121
Calculate the highest common factor of 379834 and 779142.
182
What is the highest common divisor of 23783 and 66480480?
1399
What is the highest common divisor of 38079610 and 725?
145
Calculate the greatest common factor of 2065441 and 203025.
2707
What is the highest common factor of 5041565 and 10?
5
Calculate the greatest common divisor of 876730349 and 319.
319
Calculate the highest common divisor of 564 and 536948116.
188
What is the highest common divisor of 160975875 and 875?
125
What is the highest common factor of 2211650 and 8050?
350
What is the highest common divisor of 223186 and 184?
2
Calculate the greatest common factor of 20129680 and 560.
80
Calculate the highest common divisor of 564 and 21599226.
282
What is the greatest common divisor of 3580946007 and 318?
159
Calculate the greatest common factor of 42 and 10176072.
6
What is the greatest common divisor of 153023 and 229021?
1027
Calculate the greatest common factor of 4362 and 234921326.
1454
Calculate the greatest common divisor of 74 and 15483094.
74
What is the highest common divisor of 3786 and 65507896?
1262
What is the highest common divisor of 12543 and 173975591?
4181
Calculate the highest common divisor of 585138152 and 344.
344
Calculate the highest common factor of 2613472 and 160.
32
Calculate the greatest common factor of 626364 and 130302.
2286
Calculate the highest common factor of 8971801 and 68.
17
Calculate the greatest common factor of 13838490 and 630.
90
Calculate the greatest common divisor of 577068 and 4503.
57
Calculate the highest common factor of 10560 and 17030400.
960
What is the highest common divisor of 2451 and 31673?
19
Calculate the highest common divisor of 27564957 and 567.
63
What is the greatest common factor of 5424700 and 16388?
68
Calculate the highest common factor of 93 and 10232263.
31
Calculate the greatest common factor of 109 and 447003659.
109
Calculate the greatest common factor of 160954 and 8786.
46
Calculate the highest common divisor of 1453314 and 114638.
3698
What is the greatest common factor of 4694581 and 3233?
53
What is the greatest common divisor of 37028647 and 183?
61
Calculate the highest common factor of 19313885 and 85.
5
Calculate the greatest common divisor of 2124 and 1116078.
6
Calculate the greatest common factor of 2802894 and 365298.
3414
Calculate the greatest common factor of 90 and 5491720.
10
Calculate the highest common factor of 84001569 and 13347.
4449
Calculate the greatest common divisor of 3139804 and 21700.
124
Calculate the greatest common divisor of 12895636 and 156.
52
Calculate the greatest common divisor of 4476378 and 2710.
542
What is the highest common divisor of 7575 and 20161923?
303
What is the greatest common factor of 1634280 and 27960?
120
What is the highest common factor of 8622512 and 16704?
464
What is the highest common divisor of 70213321 and 58?
29
What is the highest common divisor of 36 and 32485428?
36
What is the highest common divisor of 1763847 and 21942?
207
What is the g